test common factor of 81 and 18?
9
Calculate the greatest common factor of 19352 and 328.
328
Calculate the greatest common factor of 1134 and 28.
14
Calculate the greatest common divisor of 1440 and 45.
45
What is the highest common factor of 6 and 6?
6
What is the highest common divisor of 38 and 10811?
19
What is the greatest common factor of 15066 and 93?
93
Calculate the greatest common divisor of 5882 and 68.
34
Calculate the greatest common divisor of 18 and 1278.
18
What is the highest common divisor of 42 and 30?
6
What is the greatest common divisor of 1666 and 136?
34
Calculate the highest common factor of 240 and 270.
30
Calculate the highest common divisor of 2196 and 180.
36
Calculate the highest common divisor of 729 and 27.
27
Calculate the highest common divisor of 704 and 1952.
32
Calculate the highest common factor of 78 and 6.
6
What is the highest common factor of 24 and 1896?
24
Calculate the highest common factor of 10842 and 26.
26
Calculate the greatest common factor of 231 and 15169.
77
Calculate the highest common factor of 7612 and 8.
4
Calculate the greatest common factor of 18533 and 43.
43
What is the highest common factor of 1677 and 52?
13
Calculate the highest common divisor of 92 and 1909.
23
What is the highest common divisor of 62208 and 72?
72
What is the greatest common divisor of 12 and 23676?
12
Calculate the highest common divisor of 16 and 98.
2
What is the highest common divisor of 416 and 5096?
104
What is the highest common divisor of 7 and 413?
7
What is the highest common divisor of 18368 and 410?
82
Calculate the highest common divisor of 2 and 74.
2
What is the greatest common divisor of 29 and 1160?
29
What is the greatest common factor of 19 and 1159?
19
Calculate the highest common factor of 39 and 273.
39
Calculate the highest common factor of 402 and 24.
6
What is the greatest common divisor of 205 and 1189?
41
What is the greatest common factor of 132 and 363?
33
Calculate the highest common divisor of 59296 and 1308.
436
What is the greatest common divisor of 65586 and 102?
102
What is the greatest common divisor of 22512 and 16?
16
What is the highest common divisor of 803 and 657?
73
What is the greatest common factor of 36198 and 36?
18
Calculate the greatest common factor of 30 and 20.
10
Calculate the greatest common factor of 6876 and 48.
12
What is the greatest common divisor of 38634 and 94?
94
Calculate the highest common divisor of 9 and 2.
1
What is the highest common factor of 203 and 14?
7
What is the greatest common factor of 2439 and 18?
9
What is the greatest common factor of 8 and 1000?
8
What is the highest common divisor of 10 and 590?
10
What is the greatest common factor of 50 and 130?
10
Calculate the greatest common factor of 5043 and 123.
123
Calculate the greatest common factor of 1887 and 999.
111
Calculate the greatest common factor of 901 and 106.
53
What is the greatest common divisor of 23 and 667?
23
What is the greatest common factor of 12 and 27360?
12
What is the greatest common divisor of 597 and 6?
3
What is the highest common divisor of 2375 and 19?
19
Calculate the greatest common factor of 99 and 253.
11
Calculate the highest common divisor of 372 and 434.
62
What is the greatest common divisor of 11 and 1254?
11
Calculate the highest common factor of 366 and 12.
6
Calculate the greatest common factor of 305 and 15.
5
Calculate the greatest common divisor of 435 and 2175.
435
Calculate the greatest common divisor of 18 and 8.
2
Calculate the greatest common divisor of 1792 and 35.
7
What is the greatest common divisor of 1539 and 36?
9
Calculate the greatest common divisor of 184 and 8878.
46
Calculate the greatest common divisor of 52 and 2054.
26
Calculate the greatest common divisor of 2820 and 60.
60
What is the greatest common factor of 210 and 12?
6
What is the highest common divisor of 48 and 15?
3
Calculate the greatest common factor of 210 and 63.
21
Calculate the highest common factor of 16 and 52.
4
Calculate the greatest common divisor of 513 and 459.
27
Calculate the highest common factor of 4520 and 1582.
226
Calculate the highest common factor of 618 and 515.
103
Calculate the highest common factor of 910 and 1430.
130
Calculate the highest common factor of 333 and 27.
9
What is the highest common factor of 87 and 8787?
87
What is the greatest common factor of 162 and 144?
18
What is the greatest common factor of 119 and 1127?
7
What is the greatest common factor of 8000 and 64?
64
What is the greatest common factor of 124 and 28?
4
Calculate the greatest common factor of 84 and 30.
6
Calculate the highest common factor of 26 and 2483.
13
Calculate the greatest common factor of 25 and 600.
25
Calculate the highest common divisor of 553 and 154.
7
What is the greatest common divisor of 21 and 399?
21
What is the highest common factor of 50 and 650?
50
Calculate the greatest common divisor of 436 and 4.
4
What is the greatest common divisor of 18 and 48?
6
What is the greatest common factor of 5484 and 42?
6
Calculate the highest common divisor of 90 and 4110.
30
What is the highest common divisor of 1404 and 26?
26
What is the highest common factor of 4 and 11?
1
What is the greatest common divisor of 84 and 2100?
84
Calculate the greatest common factor of 23 and 575.
23
What is the highest common divisor of 560 and 32?
16
What is the greatest common factor of 48 and 18?
6
Calculate the greatest common factor of 2196 and 1769.
61
Calculate the greatest common divisor of 195 and 117.
39
What is the highest common divisor of 2738 and 666?
74
Calculate the highest common divisor of 286 and 1001.
143
What is the greatest common factor of 45 and 1005?
15
Calculate the highest common factor of 768 and 168.
24
What is the highest common divisor of 164 and 8?
4
What is the highest common factor of 72 and 99?
9
What is the greatest common divisor of 14 and 5803?
7
What is the greatest common factor of 83 and 13861?
83
Calculate the greatest common divisor of 272 and 6868.
68
What is the greatest common factor of 3 and 37?
1
Calculate the highest common divisor of 2 and 122.
2
Calculate the highest common factor of 870 and 30.
30
What is the highest common divisor of 53 and 1908?
53
What is the greatest common divisor of 20 and 260?
20
What is the greatest common divisor of 92 and 414?
46
What is the greatest common divisor of 12 and 1308?
12
Calculate the greatest common divisor of 84 and 6874.
14
Calculate the greatest common divisor of 10 and 59.
1
Calculate the highest common factor of 1 and 67.
1
Calculate the highest common divisor of 170 and 8840.
170
Calculate the highest common divisor of 556 and 4.
4
Calculate the highest common factor of 1071 and 189.
63
Calculate the highest common factor of 160 and 920.
40
Calculate the highest common factor of 36 and 5844.
12
Calculate the highest common divisor of 73 and 94097.
73
Calculate the greatest common divisor of 776 and 8.
8
What is the highest common factor of 25 and 215?
5
Calculate the greatest common factor of 343 and 637.
49
What is the greatest common divisor of 702 and 39?
39
Calculate the highest common divisor of 86 and 1247.
43
Calculate the highest common divisor of 290 and 30.
10
What is the highest common divisor of 10 and 15330?
10
Calculate the highest common divisor of 153 and 6.
3
What is the greatest common divisor of 3193 and 31?
31
What is the greatest common divisor of 208 and 16?
16
Calculate the greatest common divisor of 125 and 325.
25
What is the highest common factor of 672 and 720?
48
What is the greatest common divisor of 3 and 8?
1
What is the greatest common factor of 627 and 33?
33
What is the highest common divisor of 4841 and 515?
103
Calculate the highest common factor of 2236 and 26.
26
Calculate the highest common factor of 6 and 12.
6
Calculate the highest common divisor of 23933 and 13.
13
Calculate the highest common factor of 440 and 495.
55
What is the greatest common factor of 2722 and 6?
2
What is the highest common factor of 12 and 28?
4
Calculate the greatest common factor of 36 and 132.
12
Calculate the greatest common factor of 4 and 19.
1
What is the highest common divisor of 3285 and 315?
45
What is the greatest common factor of 1309 